430 - 608?
822
In base 15, what is 2bec + 2?
2bee
In base 6, what is -452334 - 113?
-452451
In base 9, what is -3 - -15561?
15557
In base 13, what is 12c - -4cba?
5119
In base 5, what is -10303141 + -3?
-10303144
In base 7, what is -1240 + -363?
-1633
In base 9, what is 10482 - -23?
10515
In base 11, what is a - -81a29?
81a38
In base 5, what is -4 + 21201310?
21201301
In base 12, what is -333316 - -5?
-333311
In base 15, what is -6b8 + 3?
-6b5
In base 3, what is 210 + 1101122?
1102102
In base 16, what is -3 + 8228?
8225
In base 9, what is 4 + 148110?
148114
In base 12, what is -2 - 5baa7?
-5baa9
In base 8, what is 0 + 374452?
374452
In base 8, what is 116333 + -5?
116326
In base 7, what is -636316 - 3?
-636322
In base 16, what is 556b1 - 2?
556af
In base 9, what is -2 + 412158?
412156
In base 3, what is 10021222 - -101202?
10200201
In base 8, what is 640 - -2726?
3566
In base 5, what is -111310 - 3023?
-114333
In base 6, what is 13 + -12450425?
-12450412
In base 5, what is 13313 + -10211?
3102
In base 9, what is 164 - -232?
406
In base 12, what is -16486 - 4?
-1648a
In base 4, what is 13120 - 3331212?
-3312032
In base 4, what is 1200 - -3120?
10320
In base 9, what is -18 - 44840?
-44858
In base 13, what is 3 + 11c2?
11c5
In base 12, what is -2 + -8312?
-8314
In base 2, what is 110001111011 - -1110010100?
1000000001111
In base 11, what is 5a61 - -16?
5a77
In base 6, what is 3 - 10032300?
-10032253
In base 9, what is -881 - -207?
-673
In base 16, what is aa - -2cc5?
2d6f
In base 5, what is 3420310 - 4?
3420301
In base 13, what is 1963 - 5?
195b
In base 9, what is 5282 + -46?
5235
In base 2, what is -1001100111 + -1001000100000?
-1010010000111
In base 13, what is 8b80 - -2a?
8baa
In base 16, what is -1 - -131b?
131a
In base 8, what is -3677 + 0?
-3677
In base 12, what is -4 + -109a?
-10a2
In base 6, what is -14 + -134311?
-134325
In base 12, what is 647 - -4b1?
b38
In base 13, what is -3 + 24a02?
249cc
In base 2, what is 1 - 10101000000000?
-10100111111111
In base 16, what is 68 - 6285?
-621d
In base 12, what is 87 - 2573?
-24a8
In base 13, what is -1b6430 + 1?
-1b642c
In base 3, what is 12 - 222010120?
-222010101
In base 2, what is 10 + 100110101000010?
100110101000100
In base 2, what is 1001010 + 11010000?
100011010
In base 15, what is 0 + 700b?
700b
In base 10, what is 1151 - 1361?
-210
In base 3, what is -11102 + -110021?
-121200
In base 2, what is 10100 - 110110101001?
-110110010101
In base 11, what is -3 - -3556?
3553
In base 12, what is 0 + 1883ab?
1883ab
In base 6, what is 215505 - 3?
215502
In base 5, what is -3 + 130131300?
130131242
In base 15, what is 2bcc + 1a?
2be7
In base 15, what is -3 + -6405c?
-64060
In base 5, what is -303113 - 3?
-303121
In base 5, what is -14 + 2322132?
2322113
In base 5, what is 30203 + -303?
24400
In base 2, what is 100 + 1000111110110?
1000111111010
In base 3, what is -12 - 11101010012?
-11101010101
In base 3, what is 202021201 + -1111?
202020020
In base 14, what is -433 - 1da?
-62d
In base 11, what is 21a + 765?
984
In base 7, what is -15263 - -316?
-14644
In base 16, what is 118 - -a9?
1c1
In base 9, what is 316348 - 6?
316342
In base 15, what is -248 - -1b4?
-84
In base 4, what is 113213 - 211?
113002
In base 7, what is 3 - -154421?
154424
In base 15, what is -12 + 7ce?
7bc
In base 3, what is 2102110 + -1100?
2101010
In base 15, what is 10cd8 + -3?
10cd5
In base 7, what is 5232523 - 3?
5232520
In base 11, what is 7289 - -6?
7294
In base 7, what is -632245 + 0?
-632245
In base 11, what is -7 - -3554a?
35543
In base 10, what is 114 - 151?
-37
In base 15, what is -705b - -35?
-7026
In base 11, what is 10 + 668a?
669a
In base 13, what is -942 + -13?
-955
In base 13, what is -5 - 203cc?
-20404
In base 2, what is -1101111011000 + -1101?
-1101111100101
In base 3, what is 11202 + -1111122?
-1022220
In base 11, what is -219 - 21?
-23a
In base 6, what is 125 - 4444?
-4315
In base 4, what is 3 - 12102130?
-12102121
In base 14, what is -17 + -3426?
-343d
In base 16, what is -4 - 671c?
-6720
In base 3, what is -100 - -11110102102?
11110102002
In base 4, what is 1233003 + 11231?
1310300
In base 13, what is 5 - bcba?
-bcb5
In base 4, what is -1232 - 121031?
-122323
In base 16, what is -3b - -19c0?
1985
In base 2, what is 100010000110 - 1111110100?
10010010010
In base 5, what is -12004002 - 24?
-12004031
In base 9, what is -335856 + -2?
-335858
In base 12, what is -228 - -2a?
-1ba
In base 10, what is -274 + -72?
-346
In base 7, what is -1 + -3423023?
-3423024
In base 6, what is 11 - 424440?
-424425
In base 4, what is -132203102 + -1?
-132203103
In base 8, what is 35004 - 3?
35001
In base 12, what is 2 + -92a7?
-92a5
In base 12, what is 3 - -52946?
52949
In base 13, what is -19 + 84c0?
84a4
In base 4, what is -2 + -123133002?
-123133010
In base 12, what is -459 - -34?
-425
In base 8, what is -3 - 2032?
-2035
In base 16, what is -1 + 7ec53?
7ec52
In base 10, what is -1 - 7036?
-7037
In base 14, what is 3 - 507?
-504
In base 6, what is 20315 + -205?
20110
In base 3, what is -101 - -210020121?
210020020
In base 11, what is 1 + -3893?
-3892
In base 5, what is -1001 + -2440?
-3441
In base 4, what is -100 + -12023?
-12123
In base 2, what is 110110011000100 - 1?
110110011000011
In base 16, what is 6 - -ab89?
ab8f
In base 5, what is 2 + -13342?
-13340
In base 13, what is 196a1 - 5?
19699
In base 8, what is -22 - -332645?
332623
In base 7, what is -15116 + -21?
-15140
In base 8, what is -15 - 621252?
-621267
In base 14, what is 1 - 21131?
-21130
In base 12, what is -5a7b + 4?
-5a77
In base 5, what is 4 - 2134404?
-2134400
In base 15, what is 5 - -840b1?
840b6
In base 11, what is 3 + -34828?
-34825
In base 8, what is -17401 + 60?
-17321
In base 5, what is -213 + 4443?
4230
In base 10, what is 0 + -17530?
-17530
In base 12, what is 5a + 1a28?
1a86
In base 11, what is -a5 - -999?
8a4
In base 3, what is 111 + -1002211010?
-1002210122
In base 14, what is -3b + ab4?
a77
In base 5, what is -24212 + 44?
-24113
In base 13, what is -56571 + 1?
-56570
In base 8, what is 1574 + -125?
1447
In base 2, what is 1100000000111011001 - 101?
1100000000111010100
In base 13, what is 226 + c2?
318
In base 6, what is -4 - 1514200?
-1514204
In base 9, what is 10 + 32030?
32040
In base 4, what is 11 + -10321?
-10310
In base 14, what is -3 + b06a0?
b069b
In base 3, what is 20022022102222 - 1?
20022022102221
In base 12, what is 3 - 571b9?
-571b6
In base 12, what is -2 + -79227?
-79229
In base 2, what is 101 + -10111001101011?
-10111001100110
In base 7, what is -63 - 1461?
-1554
In base 11, what is -22 - 770?
-792
In base 7, what is 11023 - -166?
11222
In base 11, what is -4 + 509886?
509882
In base 15, what is -35c - 2?
-35e
In base 5, what is 203414004 + -2?
203414002
In base 2, what is -100010111001111001 - 10?
-100010111001111011
In base 3, what is -2100 - 120210?
-200010
In base 16, what is 54f4 - b?
54e9
In base 4, what is 32 - -221123100?
221123132
In base 3, what is -110 - -1211212?
1211102
In base 16, what is -9e3 - -134?
-8af
In base 3, what is -1 - 10121102?
-10121110
In base 5, what is -30 + -41020?
-41100
In base 7, what is -1 - -10616?
10615
In base 13, what is -1cab - 7?
-1cb5
In base 7, what is -4 - -462553?
462546
In base 10, what is -1 - 10186?
-10187
In base 5, what is -11230410 - -2?
-11230403
In base 11, what is -71189 + 0?
-71189
In base 6, what is -120154 + 451?
-115303
In base 3, what is 212 - -100120020?
100121002
In base 12, what is -a90 + -449?
-1319
In base 14, what is 80b4 + 15?
80c9
In base 8, what is -7 - 236140?
-236147
In base 14, what is c4 + 133?
217
In base 15, what is 26 - 3a2d?
-3a07
In base 6, what is -2424 - 33?
-2501
In base 9, what is 28767 - -1?
28768
In base 7, what is 2 + 33211?
33213
In base 14, what is -21 - 48?
-69
In base 9, what is -18 - -35360?
35341
In base 14, what is -2 + -84952?
-84954
In base 12, what is a + -1299?
-128b
In base 4, what is 113331 - -300?
120231
In base 12, what is a0 - 89b?
-7bb
In base 15, what is -1d09b6 - -2?
-1d09b4
In base 3, what is 12 - -201201100?
201201112
In base 13, what is 6b - -237a?
2418
In base 9, what is 5 - 88125?
-88120
In base 14, what is -1184 + -6?
-118a
In base 3, what is 211222020 + 100?
211222120
In base 5, what is 1424 + -40140?
-33211
In base 8, what is -